st the prime factors of p.
2, 3, 7
Suppose 66*w + 33988 = 95*w. List the prime factors of w.
2, 293
Let j(a) = 39*a**2 + a + 16. What are the prime factors of j(-5)?
2, 17, 29
Suppose 0 = -12*a - 6*a + 2070. List the prime factors of a.
5, 23
Let b(n) = 70*n**2 - n + 34 - 34. List the prime factors of b(1).
3, 23
Let w(u) = u**2 + 11*u - 19. Let r be w(-13). Suppose 3*b = r*b - 492. List the prime factors of b.
3, 41
Suppose 5*a - 6 - 9 = 0. Suppose g + 3*n = -3*g + a, -2*g - 3*n = -3. Suppose 5*j = -w - 4, w - j - 2*j - 12 = g. List the prime factors of w.
2, 3
Let s(k) = k**2 - k + 10. What are the prime factors of s(-6)?
2, 13
Suppose 5*p + 249 = -3*r - 3, 5*r - 5*p + 380 = 0. Let t = 42 - r. What are the prime factors of t?
11
Suppose 41*x = -3*x + 194656. List the prime factors of x.
2, 7, 79
Suppose 0 = 4*o - 4*c - 4, 0*o - c = -4*o + 7. Suppose -s - o*p + 34 = 0, -2*s + 0*p + 50 = -2*p. List the prime factors of s.
2, 7
Let t = 1681 - 1154. List the prime factors of t.
17, 31
Let z be (40/(-50))/((-4)/1570). Suppose 4*x = 2*q + z, -3*x + 142 = 3*q - 107. What are the prime factors of x?
2, 5
Suppose -50 - 192 = -3*x - 5*c, 4*x + c - 334 = 0. What are the prime factors of x?
2, 3, 7
Let m be (57/(-4))/((-9)/24). Let g = -25 + m. List the prime factors of g.
13
Let p = -53 - -143. Suppose -3*v + 8 - p = -2*c, -4*c - 2*v = -148. Let u = c - 11. What are the prime factors of u?
3
Let s be (-285 - 0) + (3 - 6). Let u be (-2)/5 + s/80. What are the prime factors of (49 - u) + -2 - 0?
3, 17
Let o(i) = 3*i**2 - 7*i + 2. Let j = 58 - 63. What are the prime factors of o(j)?
2, 7
What are the prime factors of (-38)/494 + (-15836)/(-26)?
3, 7, 29
Let l = -32 + 38. Suppose -5*o - 66 = -z, -l*z + 3*o = -4*z - 118. What are the prime factors of z?
2, 7
Let p = 756 - 416. List the prime factors of p.
2, 5, 17
Let g = 3398 - 2319. What are the prime factors of g?
13, 83
Let q(o) = 6*o**2 + 2*o - 6. Suppose 0 = -16*j + 15*j - 4. What are the prime factors of q(j)?
2, 41
Let t(o) = o**2 - 19*o - 15. Let f be t(20). Suppose f*i - 25 = 115. List the prime factors of i.
2, 7
Suppose -30*h = -32*h + 1152. What are the prime factors of h?
2, 3
Let p(g) = 5*g**3 - g**2 + g - 4. Let d = 15 + 5. Suppose -4*z - 5*a = -3 + d, -5*a = -z + 27. List the prime factors of p(z).
2, 17
Let d = 416 + -158. What are the prime factors of d?
2, 3, 43
Suppose 3 = 4*o - 5*o. Let d(q) = -q**3 + 5*q**2 + 4*q + 5. List the prime factors of d(o).
5, 13
Let c be -5*-2*(-9)/(-6). What are the prime factors of (-3)/c + 2/(20/2562)?
2
Suppose 0 = -16*o + 21*o - 5870. What are the prime factors of o?
2, 587
Let d(c) = -4*c**3 + 12*c**2 + 8*c + 1. Let s(j) = 5*j**3 - 13*j**2 - 9*j - 2. Let l(i) = -6*d(i) - 5*s(i). Let h = 11 - 18. List the prime factors of l(h).
5
Suppose 6*g = 141 - 27. Let h = 0 + g. What are the prime factors of h?
19
List the prime factors of (-24)/(-10)*(12 - -3).
2, 3
Let r(t) = -46*t - 133. What are the prime factors of r(-16)?
3, 67
Suppose 14*i = -8*i + 45144. What are the prime factors of i?
2, 3, 19
Suppose 3*m = -4*u + 302, -4*m + 2*m + u = -205. Suppose k - 38 = 5*v, 4*k + 5*v - m = -0*v. What are the prime factors of k?
2, 7
Suppose 284 = -n + 302. Suppose 40 = q - 5. Let p = q - n. List the prime factors of p.
3
Let j = 325 - 114. What are the prime factors of j?
211
Let q = 1575 - -431. List the prime factors of q.
2, 17, 59
Let o(j) = 9*j + 4. Let c be o(-2). List the prime factors of (-4)/c - (-2344)/28.
2, 3, 7
Let p = -788 - -1251. Suppose -4*m = -p - 173. List the prime factors of m.
3, 53
Let h(s) = 1. Let t(r) = 2*r - 22. Suppose 2*g = 4, -2*g + 6 = y - 3*g. Let j(f) = y*h(f) + t(f). What are the prime factors of j(9)?
2
Suppose -606 = 37*u - 40*u. What are the prime factors of u?
2, 101
List the prime factors of (-213)/(-1) + 8/(40/(-5)).
2, 53
What are the prime factors of (-15 - 3)*-3 - 72/18?
2, 5
Let m = 276 + -19. Suppose 3*w + 59 = r, 5*r = -3*w - w + m. Suppose r + 121 = 3*a. What are the prime factors of a?
2, 29
Let m be (11/(-2))/((-2)/4). Suppose -m = 2*h - z + 2*z, 4 = 2*h - 4*z. List the prime factors of h/6*(-21)/1.
2, 7
Suppose 0 = -4*u - 202 - 22. Let r = -19 - u. List the prime factors of r.
37
Let q be -76 + (-4 - -1) - -3. Let n = -29 - q. List the prime factors of n.
47
Let b(t) = t**3 + 33*t**2 + 70*t + 7. List the prime factors of b(-30).
607
Let g(c) = -14*c + 591. What are the prime factors of g(10)?
11, 41
Suppose -10*j + 3408 + 6272 = 0. What are the prime factors of j?
2, 11
Let v be 33/7 + 6/21. Let s(i) = -i**3 + 5*i**2 + 3*i + 6. List the prime factors of s(v).
3, 7
Suppose 3*k + 13071 = 8*k - m, -m = -3*k + 7841. List the prime factors of k.
5, 523
Let y = -1508 - -2839. What are the prime factors of y?
11
Suppose 3*j + 3*j = 276. Let g = j - 17. List the prime factors of g.
29
Let v be 0 + (-3 - -2) + 4. Suppose 0 = -2*z - 0 + 4. Suppose x = -x, v*l = -z*x + 27. List the prime factors of l.
3
Let a be ((-52)/20 + 7)*10/4. Suppose 9*v - a*v = -96. List the prime factors of v.
2, 3
Let n = -3 - -9. What are the prime factors of 516/7 + n/21?
2, 37
Suppose -4*r + 781 = 3*u, -2*r + 263 = u - 0*r. What are the prime factors of 3/(-2) + u/6?
41
Let g(z) = z**3 - 7*z**2 - 32*z + 26. List the prime factors of g(14).
2, 5, 19
Let m(s) = -s**2 + 11*s. Suppose -12 = 5*t + 28. Let j = -3 - t. List the prime factors of m(j).
2, 3, 5
Suppose -59*q + 35968 = 5*q. What are the prime factors of q?
2, 281
Suppose 10 = 3*x - 32. Let d = x + -3. List the prime factors of d.
11
Let m = -5703 - -8950. List the prime factors of m.
17, 191
Suppose -2*z = 5 + 7. Let v be (9/z)/(6/8). Let j(d) = -18*d - 3. What are the prime factors of j(v)?
3, 11
Suppose 601 = -2*s - 3*z + 5357, 0 = 2*z + 8. List the prime factors of s.
2, 149
Let t be 0/21 + 0 + 3 + 0. Let c be 1251/6 + (-2)/4. Suppose -t*g = g - c. What are the prime factors of g?
2, 13
Suppose -52*x = -34806 - 44702. List the prime factors of x.
11, 139
List the prime factors of 564 + 5 + 5*3/5.
2, 11, 13
Suppose 9*a - 5*a = 0. Suppose a = -4*q + 5*k + 212, 2*q + k - 88 = -k. What are the prime factors of q?
2, 3
Let y(x) = -2*x + 4. Let q be 10/2 + -11 + 12. Let r be y(q). What are the prime factors of r/6 - (-106)/3?
2, 17
Let r = -1356 + 1739. List the prime factors of r.
383
Let g be 1665/(-12)*2*8/(-12). Suppose -u + 4*u + 4*l = 22, -4*l = 4*u - 24. Suppose 0 = -u*x - 3*x + g. What are the prime factors of x?
37
Let d(c) = c + 6. Let m be d(-4). Suppose 0 = -i + m + 6. Suppose -3*q + 1 = 5*u - i, -4*u = 0. List the prime factors of q.
3
Suppose 0*k = 3*s + 3*k + 3, -2*k - 14 = -4*s. Let t(x) = -x**s - 5*x**2 + 6 - x**3 - 10*x - 5*x**2 + 8. List the prime factors of t(-10).
2, 7
Let j(q) be the second derivative of 5*q**3/6 + q**2 + 2*q. Let r be j(2). Let y(d) = -d**2 + 13*d + 17. List the prime factors of y(r).
29
List the prime factors of ((-1700650)/(-1695))/((-8)/(-6) + -1).
2, 5, 7, 43
Suppose -6*n = -z - 10*n + 148, -z + 2*n = -172. List the prime factors of z.
2, 41
List the prime factors of (674 - 69) + (8/2 - 1).
2, 19
Let h(i) = -i**2 + 69*i + 84. List the prime factors of h(26).
2, 601
Suppose 12*s = 2893 + 7631. List the prime factors of s.
877
Suppose 0 = 3*w + 4*n - 1153, 4*n + n + 1171 = 3*w. List the prime factors of w.
3, 43
Suppose -16 = -4*u - 4. Let d(x) = -u*x + 4*x + 2*x - 4*x. What are the prime factors of d(-11)?
11
List the prime factors of 558/14 - (3 + (-22)/7).
2, 5
Let h = -11 + 14. Let q(g) = 0 - 10*g**2 + 0*g**3 + 6 - 2*g**3 + 9*g + h*g**3. List the prime factors of q(9).
2, 3
Let u = -21 + 21. Suppose 0 = -u*h - 2*h + 90. What are the prime factors of h?
3, 5
Suppose 276*j - 270*j = 8754. List the prime factors of j.
1459
Suppose 44*o - 39*o - 2190 = 0. List the prime factors of o.
2, 3, 73
Let a = 440 - -63. What are the prime factors of a?
503
Let u = 120 + -118. Suppose 444 = 2*m + 3*h + h, u*m - 417 = 5*h. List the prime factors of m.
2, 3
Suppose n - 213 = 38. What are the prime factors of n?
251
Let y = -79 + 85. What are the prime factors of 3/(y/220) - (-11 - -11)?
2, 5, 11
Let r be (-2)/6*(6 + -3). List the prime factors of (9 - 12) + r/((-2)/458).
2, 113
Suppose 5075 = 11*z - 28453. List the prime factors of z.
2, 3, 127
Let b(w) = w**3